 digit of (n + -4 - 0)*1?
6
Let q(k) = k**3 - 8*k**2 + 5*k + 29. Let l(w) = w**2 - w - 21. Let x be l(-6). Suppose 2*u + 3 = x. What is the tens digit of q(u)?
5
Let d = 51 - 51. Suppose 3*c + y - 15 = c, -y + 5 = 0. Suppose -c*t + 0*t + 10 = d. What is the units digit of t?
2
Let d = 64497 - 39323. What is the thousands digit of d?
5
Suppose 3*l - n + 277 - 2629 = 0, -2*l = 5*n - 1568. Suppose 4*w - 1439 = -5*y + l, 4*y - 2*w - 1768 = 0. What is the tens digit of y?
4
Let b(z) = 21*z**2 - 11*z - 2. Let p(n) = 6*n - 17. Let l be p(3). Suppose l = -11*m - 32. What is the units digit of b(m)?
0
Let h = 1146 - 766. Let c = 577 - h. What is the units digit of c?
7
Let a(h) = 963*h**2 + 10*h + h - 15 + 5*h. What is the tens digit of a(1)?
6
Let g(a) = 4*a - 34. Let f be (-22)/198 + 100/9. What is the tens digit of g(f)?
1
Let f(x) = -38*x**2 - 10*x + 17. Let m(t) = 37*t**2 + 11*t - 20. Let p(n) = -4*f(n) - 3*m(n). What is the hundreds digit of p(3)?
3
Let t(p) = 5*p + 11. Let q be 96/24 + -3 + 1/(-1). What is the tens digit of t(q)?
1
Let h(j) = 5*j + j + 1175 - j**2 - 1161 + j. Let o = -24 + 30. What is the tens digit of h(o)?
2
Suppose 3*n - 80141 + 1358 = -5*u, 0 = -2*u - 4*n + 31530. What is the tens digit of u?
5
Suppose -12 - 8 = -5*a. Suppose 2*l + 5 = b, 0*b = -a*b + 3*l + 30. Suppose 534 - 2982 = -b*h. What is the units digit of h?
2
Suppose 3*g = -3*s + 6267, -1087 = -4*s - 5*g + 7272. What is the units digit of s?
6
Let y = 3328 + -5110. Let r be 3/15 + y/(-15). Let g = -76 + r. What is the tens digit of g?
4
Let s(x) = 902*x**2 + 115*x + 564. What is the ten thousands digit of s(-5)?
2
Suppose -219 = -4*l - 199. Let m = 24 - -91. Suppose -5*p - f = -8*p + m, -l*p + f + 191 = 0. What is the tens digit of p?
3
Let w(j) = -1. Let s(v) = v + 3. Let z(d) = -s(d) + 5*w(d). Let r be z(-11). What is the units digit of -27*(-4)/r*1?
6
Suppose 286110 = -1030*f + 1047*f. What is the tens digit of f?
3
Let f be -140 - -2*3/2 - -2. Let r be (2 - 1) + (0 - -5) + f. Let m = 325 + r. What is the units digit of m?
6
Suppose -3*s - 24 + 111 = 0. Let o = 44 - s. Suppose 2*f = o*f - 3081. What is the hundreds digit of f?
2
Suppose -5*n = -33*n + 301728. What is the hundreds digit of n?
7
Let z = -236 - -226. Let y(f) = -26*f + 30. What is the hundreds digit of y(z)?
2
What is the hundreds digit of (-60264)/(-16) - (1 + (-4)/(-8))?
7
Let b = 16781 - -58360. What is the tens digit of b?
4
Let j = 12673 - 7429. Let w = j + -3692. What is the thousands digit of w?
1
Let i = 470 + -1626. Let d = i + 1701. What is the hundreds digit of d?
5
Let j be -6 + 872 + 6/(-2). Suppose 0 = -z - 58*p + 62*p + j, 0 = 2*z + p - 1681. What is the hundreds digit of z?
8
Suppose -65*d - 11921304 = -242*d. What is the thousands digit of d?
7
Suppose -p + 17921 = 1117. What is the units digit of p?
4
Let m(r) = r**3 - 6*r**2 - r + 7. Suppose 13*d - 14*d + 6 = 0. Let v be m(d). What is the tens digit of (2/3 - 1445/(-15))/v?
9
Suppose 19*j = 18*j + 429. Suppose 0 = 4*l - 195 - j. Suppose -2*u = -3*m - 2*m - l, -5*u - m = -363. What is the units digit of u?
3
Let u(t) = t**3 - 20*t**2 + 35*t + 21. Let o be u(18). Suppose 4*p + 21 + o = 0. Let r(h) = 8*h**2 + 8*h. What is the hundreds digit of r(p)?
2
Let q = -46 + 61. Suppose h = 5*k + q, -4*h - 3 = 4*k - 3*k. Suppose -4*d + h*d + 780 = 0. What is the tens digit of d?
9
Let v = 121 + -121. Let l(j) = j**2 + 5*j + 75. What is the units digit of l(v)?
5
Let n be (54/81)/(2/(-507)). Let p = n - -368. What is the hundreds digit of p?
1
Suppose 1169077 = 245*l + 246444 - 2088172. What is the units digit of l?
9
Let o(k) = -139*k + 432. What is the thousands digit of o(-72)?
0
Let w(s) = s**2 - 2. Let y(b) = b**3 - 6*b**2 + 18*b + 14. Let x(v) = -4*w(v) + y(v). What is the tens digit of x(11)?
4
Let u = -5291 - -13813. What is the units digit of u?
2
Suppose 0 = -5*f - 2*j + 2, 5*f - 22 = -j + 4*j. Suppose -4*x - 263 = -f*k + x, 3*x = 3. Suppose 3*s - 4*n - n = k, -n + 5 = 0. What is the units digit of s?
3
Suppose -289252 = -60*t + 123248. What is the tens digit of t?
7
Suppose 0 = 3*k - 4 + 7. Let n(h) = -319*h + 3. Let m be n(k). Let f = -179 + m. What is the tens digit of f?
4
Suppose -5 = -5*p, -1 = 4*a + 3*p + 24. Let s = 671 - a. What is the tens digit of s?
7
Suppose 4*a - 42 + 54 = 0. What is the units digit of (-190*4)/(-5) + a?
9
Let m(z) = -30*z - 15. Let q = -36 - -50. Suppose h + k - 7 = -11, -4*k = -h - q. What is the hundreds digit of m(h)?
1
Let j be (-8)/10 - 116/(-20). Suppose 2*a = h - 94, -2*h - 3*a = -j*h + 285. What is the units digit of h?
6
Suppose -13*w + 10010 = -12*w + 2*u, 0 = 5*w - 5*u - 49975. What is the thousands digit of w?
0
Suppose 0 = 3*d - 8*d - 2590. What is the units digit of 0 - 4 - (d + 1)?
3
Suppose 3*o + 3*n + 660 = 0, -o - 3*o + 5*n - 844 = 0. Let b = o - -767. What is the units digit of b?
1
Let m(w) = -14692*w**3 + 2*w**2 - 6*w - 2. What is the ten thousands digit of m(-1)?
1
What is the thousands digit of (-11)/33 - 56226/(-9)?
6
Let q = 88 - 242. Let p = 325 + q. What is the units digit of p?
1
Let o = 5242 + 3775. What is the tens digit of o?
1
Let s(i) = 3*i - 2*i + 17 - i**2 - 8*i - 3*i. Let a be s(-12). Let h(p) = -10*p - 36. What is the units digit of h(a)?
4
Let u(o) = -o**3 + 8*o**2 - o - 37. Let l be u(7). Suppose 2*h + 778 = z, l*h - 2344 = -3*z + h. What is the hundreds digit of z?
7
Let g = 339 + 77. Suppose 5*f - g = 2*u + 1124, -2*f = 3*u - 616. What is the units digit of f?
8
Let i(u) = -4*u**3 + 23*u**2 + 4*u - 10. Let z(w) = -8*w**3 + 45*w**2 + 8*w - 19. Let n(m) = -9*i(m) + 4*z(m). What is the tens digit of n(7)?
3
Suppose -118*a = -528825 - 281953. What is the thousands digit of a?
6
Let w = -94 + 84. What is the units digit of (-3092)/(-10) - (88/w - -8)?
0
Suppose 0 = -2*h - 2, -4*v + 231 = -2*h - 331. What is the hundreds digit of 5088/7 + -4*(-5)/v?
7
Suppose 7*w = 2*w - 5, -l - 1 = 3*w. Suppose -29 = -l*u - 33. What is the units digit of (u/4)/((18/48)/(-3))?
4
Suppose 2*c + 54 = 3*z - 28, 5*z - 34 = c. Let a be (c/10)/((-3)/15). Suppose 355 = a*q - 17*q. What is the units digit of q?
1
Suppose 5*b = -2 + 37. Let a be (-7)/49 + (-83)/b. What is the tens digit of 6*9*(154/a)/(-7)?
9
Let n(x) = x**2 + 3*x + 24. Suppose -3*q = -3 - 6. Let k = q + -10. What is the tens digit of n(k)?
5
Suppose 4*k - 7 = 25. What is the tens digit of (1/(k/(-3030)))/((-44)/176)?
1
Suppose 0 = -5*s + 873 + 972. Suppose 6*o - 1101 = -s. What is the hundreds digit of o?
1
Suppose -15 + 25 = -5*p - 5*c, 3*c = 4*p - 13. Let w(y) = 2*y + 1. Let j be w(p). Suppose 0 = -z + 4, -j*o + 4*z + 843 = z. What is the units digit of o?
5
Let r = -231 + 720. Suppose a + r = 2*g, -3*g = 154*a - 156*a - 731. What is the tens digit of g?
4
Let j = -337 - -877. Let b = j + 667. What is the hundreds digit of b?
2
Suppose 9958 - 706 = 12*c. Suppose c = 7*l - 1952. What is the hundreds digit of l?
3
Let k be (-14)/28*(-1 + 2 + -1). Suppose 8*s - 1683 - 1853 = k. What is the hundreds digit of s?
4
Let b(w) = 461*w**2 + 112*w - 119. What is the tens digit of b(9)?
3
Let f = 1268 + 201. What is the units digit of f?
9
Let d(s) be the first derivative of -327*s**4/4 - s**3/3 - s**2 - 2*s + 59. What is the hundreds digit of d(-1)?
3
Let b be (5 - -39*44/(-16))*8. Let d = b + 1352. What is the tens digit of d?
3
Suppose o = u + 339, 0 = 2*o - 2*u + 3*u - 693. Suppose -m = -3*k + 968, -k = -2*m + 7*m - o. What is the units digit of k?
4
Suppose -129*c - 42790 = -139*c. Suppose 7*s - 1237 = c. What is the hundreds digit of s?
7
Let a = -10087 - -14587. What is the hundreds digit of a?
5
Let x(h) be the first derivative of 27*h**2/2 - 31*h + 10. Let s be x(11). Let w = s + -183. What is the units digit of w?
3
Suppose -242*w + 443972 = -5962364 - 6834694. What is the thousands digit of w?
4
Let f(k) be the third derivative of k**6/120 - k**5/4 - 11*k**4/12 + 10*k**3/3 + 7*k**2. Let h be f(16). Let i = h - -341. What is the hundreds digit of i?
2
Let d(h) = -8*h**2 + 11*h - 28. Let u(b) = 2*b - 1. Let s(o) = -d(o) - u(o). What is the hundreds digit of s(4)?
1
Let u(h) = -h**3 - 20*h**2 - 33*h + 58. Let t be u(-18). Suppose 1592 = t*x - 784. What is the tens digit of x?
9
Let z(u) = 4 + 0*u + 19*u - 8*u - 135. What is